t x = 152 + -147. Let s = 13 - x. Give a(s).
-6
Let b(z) = -z**2 - 20*z + 128. Let f be b(5). Let g(k) = -61 - 3*k**2 + 2*k + f*k**3 - 2*k**2 + 57 - 2*k**3. What is g(4)?
-12
Let x(v) = 31*v + 160. Let f be x(-5). Let s(r) = -5 - 3*r**3 + 0*r**2 - 2*r + 0*r**3 + 4*r**3 - 4*r**2. Calculate s(f).
10
Let d(n) = 5*n**2 - 1. Let i(y) = 31*y**2 - 2*y - 1. Let p(w) = 6*d(w) - i(w). Determine p(5).
-20
Let j(o) = -11*o**2 - 7*o + 10. Let t(v) = 5*v**2 + 5*v - 3. Let i(p) = -j(p) - 2*t(p). Suppose -c + 2 = -2. Give i(c).
0
Suppose 0*j + 4*j - 40 = 0. Let y(h) = h**3 - 11*h. Let l(w) = -2*w**3 - 11*w**2 + 43*w - 6. Let o(v) = -l(v) - 3*y(v). Give o(j).
6
Let b(i) be the first derivative of -114 - 1/4*i**4 - 2/3*i**3 + 4*i + 3/2*i**2. Let k(r) = -r**3 - 10*r**2 - 10*r - 12. Let q be k(-9). Determine b(q).
4
Let h(g) = -5*g**3 + 13*g**2 - 10*g - 1. Let i(a) = 14*a**3 - 38*a**2 + 29*a + 4. Let x(b) = -8*h(b) - 3*i(b). Calculate x(4).
0
Let k be (8/(-10))/(2/30). Let n = k + 43. Let o be 4 - ((-2)/(-11) + n/11). Let t(w) = -10*w**3 - w. Calculate t(o).
-11
Let i(o) = 13 - 4 + o + 1. Suppose -71 = -3*h + l, -4*h - 5*l + 3*l + 88 = 0. Suppose -h = 5*q - 3*j + 8, q + 7 = j. Give i(q).
5
Let a(x) = x**3 + 8*x**2 + 4*x - 6. Suppose d = -4*m - 24, 12*d - 9*d = -3*m - 27. Give a(m).
49
Let s(q) = -5*q + 12. Let l(b) = 2*b. Suppose -5*a + 3*n + 4 = 0, 3*n = 2*a - 4*a - 11. Let f(j) = a*s(j) + l(j). What is f(8)?
44
Suppose 0 = 19*g - 42*g + 92. Suppose 7*k - 8*k - g*v = 15, v = k - 5. Let y(t) be the second derivative of t**4/3 + t. What is y(k)?
4
Let k(x) = 10 - 14517*x + 7256*x + 7262*x. Give k(-2).
8
Let n(b) = 4*b**2 + 20*b + 13. Let a be (-4 - -6)/(-8) - (-69)/(-12). Calculate n(a).
37
Let f(x) = -x**3 - 4*x + 2*x**2 + 6*x - 3*x**2 + 2 + 8*x - 8*x. Let h = 8 + -11. Give f(h).
14
Let s(m) = -2*m**3 - 14*m**2 - 4*m - 21. Let d be s(-7). Let w(l) = -4*l - d*l + 12*l + 0*l. Determine w(-5).
-5
Let y = -88 - -88. Suppose y = -4*h + 4 + 12. Let z(f) = -f**2 - f + 3. Give z(h).
-17
Let m = 38 + -38. Let q be m + -2 + (-10)/5. Let k(i) = -i**3 - 6*i**2 - 3*i + 2. Calculate k(q).
-18
Suppose -4*l + 263 = 267, 5*l - 5 = 2*q. Let g(d) be the second derivative of d**3/6 + 8*d**2 + 22*d. Give g(q).
11
Let o(v) = v + 4. Suppose 5*y = 2*u + 17 - 14, -36 = 5*u - 3*y. Let j be 1 - (-3)/u - (-441)/27. Suppose -9*n - z = -10*n - 11, -n + 3*z - j = 0. What is o(n)?
-4
Suppose -4*p + b + 10 = -b, 9 = 3*b. Suppose -2*d - 4*r = d - 39, -2*r = p*d - 42. Let k(a) = a**3 - 10*a**2 + 10*a - 9. Give k(d).
0
Let b be (0 - (-12)/(-21))/((-22)/77). Let m(j) = 8*j**2 - 7*j + 9 + 3*j**3 + 8*j + 8*j - b*j**3. Give m(-7).
-5
Let u be 10/4*16/10. Let z = -71 - -75. Let r(d) = z*d + u - 3 - 2. What is r(-3)?
-13
Let m(s) = -6*s - 5 - 14 - s + 11 + 15*s**2. Calculate m(-1).
14
Let l(h) = -2*h**3 - 19*h**2 - 10*h - 4. Let a be l(-9). Let v(k) = -224 + 119 - a*k + 114. Give v(7).
-26
Let q = 42 + -42. Let w(n) be the first derivative of -4*n + 1/2*n**2 + 6 - 1/3*n**3. Calculate w(q).
-4
Let j = 77563 - 77559. Let c(s) = 5*s + 1 - s - s - s**2. Calculate c(j).
-3
Let l(x) = -x**3 - 9*x**2 + x + 9. Let s be l(-9). Suppose k - 2*p = 0, s*p - 3*p = -6. Let u(i) = 2*i - 2. Give u(k).
6
Suppose 0 = 21*g + 130*g - 755. Let p(y) be the second derivative of -2 - 1/20*y**g + 1/6*y**3 + y + 0*y**4 + 1/2*y**2. What is p(-1)?
1
Let a(c) = -126*c - 194. Let d(m) = 34*m + 47. Let s(t) = 4*a(t) + 15*d(t). What is s(9)?
-17
Let v be 6 + (-6)/(-15)*-5. Suppose -2 = z + 4*q + v, -3*q = 5*z - 21. Let f(u) = 1 + u + u**2 + 0*u**2 - 8*u. Determine f(z).
-5
Let d(x) be the first derivative of -40 - 1/3*x**3 - 3*x - 2*x**2. Calculate d(-4).
-3
Let k(a) = a**2 - a + 40. Let j be k(-15). Suppose 3*u - j = -u - 4*h, 6 = 3*h. Let y(w) = u*w - 2 - w**2 - 3 - 74*w. Give y(-6).
-5
Let f(k) = 2*k + 6. Suppose 8*u - 132 = 28. Let w = u + -17. Suppose 0 = 4*t - 4*g + 16, 0 = w*t + 2*t + 3*g + 20. Give f(t).
-2
Let w(s) = -2*s**2 - 17*s + 3. Let c be w(-8). Suppose 22 = 3*a - c. Let n(v) = -v**3 + 11*v**2 + 12. What is n(a)?
12
Let n(y) = -2*y**3 - y**2 + 3*y + 4. Let a(w) = w**3 + w**2 - 2*w - 3. Let s(j) = -3*a(j) - 2*n(j). Let b be 10/30 - 172/(-6). Let p = 28 - b. What is s(p)?
-1
Suppose -5*b = 3*i - 4, 2*i = -3*b - 2*i + 20. Let y(n) = n**3 + 2*n**2 + n + 1. Calculate y(b).
-35
Let l = -13683 - -13688. Let v(f) = f**2 - 15*f + 70. Determine v(l).
20
Let t(q) = -q**2 - 11*q - 7. Let k = 543 + -375. Suppose b + 3*b = k. Let w = b + -53. Calculate t(w).
-7
Let t(u) = -4*u + 4. Let x = -3 - -2. Let l(b) be the third derivative of -b**4/24 + 8*b**2 + 70. Let p(r) = x*t(r) + 5*l(r). Determine p(3).
-7
Let j(r) = -27 + 30*r - 34*r + 1. Let k be j(-9). Suppose -3*z - 1 - 3 = -4*s, s = -2*z - k. Let p(x) = x + 5. Give p(z).
1
Let u(c) = -19*c**2 + 17*c**2 - 13 + 9*c + 7*c - c**3 - 12*c. Give u(4).
-93
Let b(f) be the second derivative of f**7/840 - f**6/360 + f**5/120 - 17*f**4/3 - 97*f. Let y(z) be the third derivative of b(z). Give y(-2).
17
Let n(f) = -4*f + 41 + 19*f**3 + 37 - 173 + 45 + 47. What is n(-1)?
-18
Let h(d) = -3*d**3 + 26*d**2 - 15*d - 12. Let b be h(8). Let i(l) = 6*l - 1. Let g(u) = -5*u + 4. Let s(k) = b*i(k) - 5*g(k). Give s(11).
-5
Let j(v) = -v + 8. Let p be -16 - -12 - 1/(-1). Let b(i) = -1. Let z(q) = p*b(q) - j(q). Calculate z(6).
1
Let d(y) = -4*y - 107. Suppose -3*n = 4*j + 96, 2*n - 6*j = -8*j - 60. Calculate d(n).
-11
Let o = 1511 - 1512. Let m(d) = 5*d**2 - 3*d - 3. Calculate m(o).
5
Let w(g) be the first derivative of -2*g**3 + 23*g**2/2 - 6*g + 10201. Determine w(3).
9
Suppose -3*y + 18*m = 17*m + 3, 2*y - m = -1. Let u(t) = 14*t**3 + 2*t**2 + t. What is u(y)?
-106
Let v(j) = 1. Let g(t) = 3*t - 1. Let m(f) = -f**2 - 9*f - 1. Let s be m(-8). Suppose -6*p = -d - s*p, 5*d = -3*p - 2. Let n(r) = d*g(r) + 2*v(r). Give n(3).
-6
Let x(d) = -20*d + 17. Let k = 2682 + -2676. Calculate x(k).
-103
Let i(n) = -2*n**2 - 7*n - 1. Let d be 11 + (-16 + -86)/6. Determine i(d).
-31
Let b(f) = 7*f**2 - 6*f + 29. Let r be -1 + 2 - (-1 + (10 - 1)). Let u(y) = 10*y**2 - 10*y + 43. Let c(h) = r*b(h) + 5*u(h). Give c(5).
-3
Let c(j) = j + 8 - 5 + 3 + 6*j - 8*j. Let i(y) = -3*y**3 + 1. Let a be i(1). Let g(r) = -2*r + 12. Let w(f) = a*g(f) + 5*c(f). Determine w(5).
1
Suppose -83*a + 74 + 9 = 0. Let l(o) = 8*o - 2. Determine l(a).
6
Let g(b) be the third derivative of -b**5/30 - b**4/24 - b**3/3 + 8707*b**2. Let p = -5 + 1. Calculate g(p).
-30
Let k(c) = 6*c**2 - 5*c - 451*c**3 + 1959 - 1963 + 452*c**3. Let y = 5 - 3. Suppose 0 = -d - y*t + 2, 0*d + 4*d + 2*t = -16. Determine k(d).
26
Let s(y) = 10*y**2 - 37*y**2 + 36*y**2 + 21*y + 49 + 13*y**2 - y**3. What is s(23)?
3
Let l(n) = 41 + 32 + 2*n**2 - 3*n - 75. Let x(q) = -q**2 + 3*q + 2. Let a(h) = -4*l(h) - 5*x(h). Let w be (1 + 8/(-6))*9. Determine a(w).
-20
Let n(g) = g**3 - 4*g**2 - 3*g + 3. Suppose -5*a = -3*k + 7, -2*k + 4*a = 3*a + 7. Let y be 0 - (-2 + 12/k). Determine n(y).
-9
Let j(b) = -b**2 - 2*b - 8. Let l = -292 + 503. Let t(i) = 209*i**2 - 5*i - 7 - l*i**2 - 8 + 0. Let f(z) = 7*j(z) - 4*t(z). Determine f(-6).
4
Let r(n) = n. Let g(x) be the second derivative of -x**3/6 - 3*x**2/2 - 12*x. Let f be g(-15). Suppose -15 = -f*y - 99. Determine r(y).
-7
Let s = -8 - -5. Let f(y) = 1293*y + 1283*y + 2 + 1282*y - y**3 - 3858*y - 3*y**2. Give f(s).
2
Let h = 71 + -47. Suppose 7*y + 10 = h. Let v(j) = -j + 1. Calculate v(y).
-1
Let z(r) = -r**2 + 9*r + 3. Let o(f) = -65*f**2 + 7*f - 10. Let k be o(2). Let b = k + 265. Calculate z(b).
3
Let o(l) = -5 - 39*l**2 + 0 - 30*l**2 - 2*l + 68*l**2 - 5*l. Let h(a) = a**2 + 7*a - 3. Let r be h(-6). Give o(r).
-23
Suppose -4*j = y + 23, 4*j + 3*y + 36 = 23. Let w = -8 - -10. Let t(c) = -1 + c - 6 - w*c. Determine t(j).
0
Let x(t) be the second derivative of -9*t**3/2 + 100*t**2 - 7528*t. Give x(7).
11
Let s be (-81)/63 - (14 + (-1400)/98). Let w(i) = -2*i - 2*i**3 + 3*i - 3*i**3. Determine w(s).
4
Let a(c) = 4*c - 2. Suppose -53 = 6*l - 11. Let h be (6/9)/(l/(-21)). Give a(h).
6
Let q(z) be the third derivative of z**4/24 + 19*z**3/6 - 5*z**2 + 2*z. Let k = 15 + -28. What is q(k)?
6
Let k = 31 + -44. Let f = k - -17. Let r(h) = -45*h - 34 + 47*h - h**2 + 32. Give r(f).
-10
Let b(o) = 20*o**3 + o**2. Let d = -11 - -11. Suppose 2*i - 